{"id":144,"date":"2022-02-02T14:24:22","date_gmt":"2022-02-02T14:24:22","guid":{"rendered":"https:\/\/auto-schifferle.ch\/?page_id=144"},"modified":"2023-10-08T15:24:20","modified_gmt":"2023-10-08T15:24:20","slug":"startseite","status":"publish","type":"page","link":"https:\/\/auto-schifferle.ch\/?page_id=144","title":{"rendered":"\u00dcber Uns"},"content":{"rendered":"\n<h2 class=\"wp-block-heading\">Willkommen auf unserer Website<\/h2>\n\n\n\n<h2 class=\"wp-block-heading has-medium-font-size\">Wir sind ein zwei k\u00f6pfiges Team und k\u00f6nnen eine Vielzahl an Leistungen anbieten. Improvisation, gr\u00fcndliche Fehlersuche und daraus resultierende professionelle Reparaturen, sowie sehr hohe Flexibilit\u00e4t zeichnen uns aus. Unsere Bandbreite an Leistungen und Know-How k\u00f6nnen zu unseren Preisen wenige Werkst\u00e4tten bieten, da wir grunds\u00e4tzlich alles machen k\u00f6nnen. F\u00fcr das was wir nicht k\u00f6nnen, finden wir immer eine L\u00f6sung.<\/h2>\n\n\n\n<hr class=\"wp-block-separator has-css-opacity\"\/>\n\n\n\n<div class=\"wp-block-columns is-layout-flex wp-container-core-columns-is-layout-9d6595d7 wp-block-columns-is-layout-flex\">\n<div class=\"wp-block-column is-layout-flow wp-block-column-is-layout-flow\" style=\"flex-basis:100%\">\n<div class=\"wp-block-group\"><div class=\"wp-block-group__inner-container is-layout-flow wp-block-group-is-layout-flow\">\n<figure class=\"wp-block-table is-style-regular\"><table><tbody><tr><td>Kenny Schifferle<\/td><td>Christopher Collett<\/td><\/tr><tr><td>Firmengr\u00fcnder- und Inhaber<br>gelernter Automobilmechatroniker<br>mit Erfahrungen im Bereich der <br>Automobilindustrie, Baumaschinen und Staplern<\/td><td>Mitarbeiter, helfende Hand in Not<br>gelernter Metallbauer mit Erfahrungen im allgemeinen Metallbauwesen<\/td><\/tr><\/tbody><\/table><\/figure>\n<\/div><\/div>\n<\/div>\n<\/div>\n\n\n\n<p>Wir sind beide zertifiziert f\u00fcr das Folieren. Einen Kurs zum Scheibent\u00f6nen haben wir ebenfalls beide hinter uns. Wir wollen unseren Horizont noch erweitern und deshalb stehen noch folgende Kurse aus:<\/p>\n\n\n\n<ul class=\"wp-block-list\">\n<li>PPF\/Steinschlagschutzfolie<\/li>\n\n\n\n<li>Innenraumaufbereitung<\/li>\n\n\n\n<li>Polieren<\/li>\n<\/ul>\n","protected":false},"excerpt":{"rendered":"<p>Willkommen auf unserer Website Wir sind ein zwei k\u00f6pfiges Team und k\u00f6nnen eine Vielzahl an Leistungen anbieten. Improvisation, gr\u00fcndliche Fehlersuche und daraus resultierende professionelle Reparaturen, sowie sehr hohe Flexibilit\u00e4t zeichnen uns aus. Unsere Bandbreite an Leistungen und Know-How k\u00f6nnen zu unseren Preisen wenige Werkst\u00e4tten bieten, da wir grunds\u00e4tzlich alles machen k\u00f6nnen. F\u00fcr das was wir [&hellip;]<\/p>\n","protected":false},"author":1,"featured_media":0,"parent":0,"menu_order":0,"comment_status":"closed","ping_status":"closed","template":"","meta":{"footnotes":""},"class_list":["post-144","page","type-page","status-publish","hentry"],"_links":{"self":[{"href":"https:\/\/auto-schifferle.ch\/index.php?rest_route=\/wp\/v2\/pages\/144","targetHints":{"allow":["GET"]}}],"collection":[{"href":"https:\/\/auto-schifferle.ch\/index.php?rest_route=\/wp\/v2\/pages"}],"about":[{"href":"https:\/\/auto-schifferle.ch\/index.php?rest_route=\/wp\/v2\/types\/page"}],"author":[{"embeddable":true,"href":"https:\/\/auto-schifferle.ch\/index.php?rest_route=\/wp\/v2\/users\/1"}],"replies":[{"embeddable":true,"href":"https:\/\/auto-schifferle.ch\/index.php?rest_route=%2Fwp%2Fv2%2Fcomments&post=144"}],"version-history":[{"count":11,"href":"https:\/\/auto-schifferle.ch\/index.php?rest_route=\/wp\/v2\/pages\/144\/revisions"}],"predecessor-version":[{"id":270,"href":"https:\/\/auto-schifferle.ch\/index.php?rest_route=\/wp\/v2\/pages\/144\/revisions\/270"}],"wp:attachment":[{"href":"https:\/\/auto-schifferle.ch\/index.php?rest_route=%2Fwp%2Fv2%2Fmedia&parent=144"}],"curies":[{"name":"wp","href":"https:\/\/api.w.org\/{rel}","templated":true}]}}