{"id":211,"date":"2022-04-01T16:49:03","date_gmt":"2022-04-01T16:49:03","guid":{"rendered":"https:\/\/auto-schifferle.ch\/?page_id=211"},"modified":"2023-10-24T18:44:35","modified_gmt":"2023-10-24T18:44:35","slug":"pneu-service","status":"publish","type":"page","link":"https:\/\/auto-schifferle.ch\/?page_id=211","title":{"rendered":"R\u00e4der und Reifenservice"},"content":{"rendered":"\n<p>Der Reifen bildet die Schnittstelle zwischen Strasse und Auto.&nbsp;Beschleunigungs- und Bremskr\u00e4fte werden ausschliesslich \u00fcber die Reifen \u00fcbertragen. Da ist es sehr wichtig, dass Sie gute Reifen auf Ihrem Fahrzeug haben, damit&nbsp;es in einer Notfallsituation nicht zu einem Blechschaden kommt. Nachfolgend kl\u00e4ren wir einige Fragen rund ums Rad und machen auch ein wenig Werbung f\u00fcr den professionellen Reifenservice in unserer Garage.<\/p>\n\n\n\n<h3 class=\"wp-block-heading\" id=\"cc-m-header-8038431464\">Wann muss ich meine R\u00e4der oder Reifen wechseln?<\/h3>\n\n\n\n<p>Die goldene Regel f\u00fcr den optimalen Zeitpunkt zum R\u00e4der oder Reifen wechseln lautet; &#8222;O bis O&#8220;, also Oktober bis Ostern. Ihre Winterreifen sollten bis Ende Oktober drauf sein und im Fr\u00fchling nach Ostern wieder durch Sommerreifen getauscht werden.&nbsp;<\/p>\n\n\n\n<p>Ein Sommerreifen eignet sich f\u00fcr Aussentemperaturen \u00fcber 8 Grad Celcius. Unter dieser Temperaturen verl\u00e4ngert sich der Bremsweg gegen\u00fcber Winterreifen erheblich und das Handling bei Kurvenfahrt verschlechtert sich. Eine gesetzliche Pflicht f\u00fcr Winterreifen im Winter gibt es in der Schweiz nicht. F\u00e4hrt man jedoch mit Sommerreifen im tiefsten Winter mit viel Schnee und verursacht einen Unfall, so kann die Versicherung Ihre Leistungen bei einem Unfallschaden k\u00fcrzen, da das Fahrzeug als nicht betriebssicher eingestuft werden kann.<\/p>\n\n\n\n<p>Winterreifen eignen sich f\u00fcr k\u00e4ltere Temperaturen, sowie auch Fahrten auf schneebedeckten Strassen besser als Sommerreifen. Grund f\u00fcr die besseren Eigenschaften im Winter sind eine weichere Gummimischung und andere Profilbeschaffenheit des Reifens. Bei hohen Temperaturen im Sommer erh\u00f6ht sich der Verschleiss des Winterreifens besonders und der Bremsweg kann sich gegen\u00fcber dem von Sommerreifen verl\u00e4ngern. Auch hier kann die Versicherung ihre Leistungen k\u00fcrzen, wenn bei extremer Hitze mit Winterreifen ein Unfallschaden verursacht wird.<\/p>\n\n\n\n<h3 class=\"wp-block-heading\" id=\"cc-m-header-8038435964\">Wann muss ein Reifen ersetzt werden?<\/h3>\n\n\n\n<p>Wann ein Reifen ersetzt werden soll, h\u00e4ngt davon ab, ob es ein Winter- oder Sommerreifen ist, wie viel die Profiltiefe noch betr\u00e4gt und wie alt der Reifen ist.<\/p>\n\n\n\n<p>Die Mindestprofiltiefe betr\u00e4gt f\u00fcr Sommer- und Winterreifen 1.6mm. Diese gesetzlich vorgeschriebene Profiltiefe ist in den Profilrillen des Reifens an einem kleinen Steg erkennbar. F\u00e4hrt man mit Reifen, welche weniger als die vorgeschriebenen 1.6mm Profiltiefe aufweisen, riskiert man bei einer Polizeikontrolle eine Busse bis zum Entzug der Fahrerlaubnis.&nbsp;<\/p>\n\n\n\n<p>Das empfohlene Minimum f\u00fcr Winterreifen betr\u00e4gt jedoch 4mm Profiltiefe, da sich der Bremsweg darunter erheblich verl\u00e4ngert, besonders bei schneebedeckter Strasse. Auch bei Sommerreifen ist ein Minimum von 3mm Profiltiefe empfohlen, um bei nasser Fahrbahn einen akzeptablen Bremsweg und Kurvenhandling zu gew\u00e4hrleisten.<\/p>\n\n\n\n<p>F\u00fcr das Alter des Reifens gibt es grunds\u00e4tzlich keine gesetzlichen Bestimmungen, ausser das der Reifen keine Risse an seiner Oberfl\u00e4che aufweisen darf. Mit zunehmendem Alter wird die Gummimischung des Reifens h\u00e4rter und somit seine Eigenschaften negativ beeinflusst. Aus diesem Grund wird empfohlen den Reifen ab einem Alter von 6 Jahren zu ersetzen. Das Alter ist auf der\u00a0Seitenwand des Reifens bei der vierstelligen Nummer bei DOT ersichtlich; &#8222;1218&#8220; bedeutet beispielsweise, dass der Reifen in der 12. Woche im Jahr 2018 hergestellt wurde.<\/p>\n\n\n\n<h3 class=\"wp-block-heading\" id=\"cc-m-header-8038461964\">Warum m\u00fcssen die R\u00e4der ausgewuchtet werden?<\/h3>\n\n\n\n<p>Durch die Herstellung, den Transport, die Lagerung und sp\u00e4ter durch das Fahren werden Felgen und Reifen Unwucht. W\u00fcrde man diese Unwucht nicht korrigieren, w\u00fcrden Kr\u00e4fte auf das Fahrwerk und die Lenkung \u00fcbertragen, was zu Besch\u00e4digungen am Fahrwerk, Vibrationen am Lenkrad bis zu Ver\u00e4nderungen am Fahrverhalten des Fahrzeugs f\u00fchren kann. Aus diesem Grund werden alle R\u00e4der nach einem Reifenwechsel ausgewuchtet und vor einem Radwechsel mindestens die Vorderr\u00e4der nachgewuchtet.<\/p>\n\n\n\n<h3 class=\"wp-block-heading\" id=\"cc-m-header-8038466764\">Kann ich online bestellte Neureifen in der Garage montieren lassen?<\/h3>\n\n\n\n<p>Wir gehen auch nicht mit der M-Budget Pouletbrust ins Restaurant und fragen, ob wir Sie mit Pommes serviert bekommen k\u00f6nnen, also erwarten wir es von unserer Kundschaft bei Neureifen welche online bestellt wurden auch nicht. In Ausnahmef\u00e4llen montieren wir Ihnen die mitgebrachten Neureifen gegen Aufpreis.<\/p>\n","protected":false},"excerpt":{"rendered":"<p>Der Reifen bildet die Schnittstelle zwischen Strasse und Auto.&nbsp;Beschleunigungs- und Bremskr\u00e4fte werden ausschliesslich \u00fcber die Reifen \u00fcbertragen. Da ist es sehr wichtig, dass Sie gute Reifen auf Ihrem Fahrzeug haben, damit&nbsp;es in einer Notfallsituation nicht zu einem Blechschaden kommt. Nachfolgend kl\u00e4ren wir einige Fragen rund ums Rad und machen auch ein wenig Werbung f\u00fcr den [&hellip;]<\/p>\n","protected":false},"author":2,"featured_media":0,"parent":0,"menu_order":0,"comment_status":"closed","ping_status":"closed","template":"","meta":{"footnotes":""},"class_list":["post-211","page","type-page","status-publish","hentry"],"_links":{"self":[{"href":"https:\/\/auto-schifferle.ch\/index.php?rest_route=\/wp\/v2\/pages\/211","targetHints":{"allow":["GET"]}}],"collection":[{"href":"https:\/\/auto-schifferle.ch\/index.php?rest_route=\/wp\/v2\/pages"}],"about":[{"href":"https:\/\/auto-schifferle.ch\/index.php?rest_route=\/wp\/v2\/types\/page"}],"author":[{"embeddable":true,"href":"https:\/\/auto-schifferle.ch\/index.php?rest_route=\/wp\/v2\/users\/2"}],"replies":[{"embeddable":true,"href":"https:\/\/auto-schifferle.ch\/index.php?rest_route=%2Fwp%2Fv2%2Fcomments&post=211"}],"version-history":[{"count":4,"href":"https:\/\/auto-schifferle.ch\/index.php?rest_route=\/wp\/v2\/pages\/211\/revisions"}],"predecessor-version":[{"id":278,"href":"https:\/\/auto-schifferle.ch\/index.php?rest_route=\/wp\/v2\/pages\/211\/revisions\/278"}],"wp:attachment":[{"href":"https:\/\/auto-schifferle.ch\/index.php?rest_route=%2Fwp%2Fv2%2Fmedia&parent=211"}],"curies":[{"name":"wp","href":"https:\/\/api.w.org\/{rel}","templated":true}]}}