{"id":280,"date":"2023-10-24T18:48:48","date_gmt":"2023-10-24T18:48:48","guid":{"rendered":"https:\/\/auto-schifferle.ch\/?page_id=280"},"modified":"2023-10-24T18:59:02","modified_gmt":"2023-10-24T18:59:02","slug":"glasschaden","status":"publish","type":"page","link":"https:\/\/auto-schifferle.ch\/?page_id=280","title":{"rendered":"Glasschaden"},"content":{"rendered":"\n<h3 class=\"wp-block-heading\" id=\"cc-m-header-8035403264\">Was muss ich bei einem Steinschlag oder Riss in der Frontscheibe tun?<\/h3>\n\n\n\n<p>Meist verursachen kleinere Steinchen von der Strasse, welche vom vorausfahrenden Verkehrs hochgewirbelt werden eine Besch\u00e4digung an der Frontscheibe. Haben Sie einen Steinschlag oder Riss in der Frontscheibe Ihres Fahrzeugs, empfehlen wir Ihnen sich bei der Garage zu melden und den Schaden einem Fachmann zu zeigen.<\/p>\n\n\n\n<h3 class=\"wp-block-heading\" id=\"cc-m-header-8035404164\">Zahlt meine Versicherung Glassch\u00e4den an meinem Fahrzeug?<\/h3>\n\n\n\n<p>Grunds\u00e4tzlich werden Glassch\u00e4den am Fahrzeug, egal ob es sich um die Frontscheibe oder Seitenscheibe handelt, von der Autoversicherung \u00fcbernommen. Voraussetzung f\u00fcr eine Kosten\u00fcbernahme in\u00a0einem solchen Schadenfall ist\u00a0eine Kaskoversicherung (Teil- oder Vollkasko).<\/p>\n\n\n\n<h3 class=\"wp-block-heading\" id=\"cc-m-header-8035407864\">Wo muss ich meine Frontscheibe reparieren oder ersetzen lassen?<\/h3>\n\n\n\n<p>Je nachdem was f\u00fcr eine Variante Sie beim Abschluss Ihrer Autoversicherung gew\u00e4hlt haben, m\u00fcssen Sie eventuell in eine Partnergarage der Versicherung bei einem Glasschaden. In den meisten F\u00e4llen haben Sie aber die freie Wahl, wo Sie einen Glasschaden an Ihren Fahrzeug instandsetzen lassen.<\/p>\n\n\n\n<h3 class=\"wp-block-heading\" id=\"cc-m-header-8035408464\">Muss ich den Schaden bei der Versicherung zuerst anmelden?<\/h3>\n\n\n\n<p>Bevor etwas an Ihrem Fahrzeug zu Lasten der Versicherung repariert werden soll, muss der Schadenfall entsprechend bei Ihrer Autoversicherung angemeldet werden. Bei einer Freigabe erhalten Sie eine entsprechende Schadennummer, welche wichtig f\u00fcr die Identifikation des Schadens ist.<\/p>\n\n\n\n<p>Wir als Garage erledigen alle administrativen Arbeiten rund um Ihren Schadenfall. Bei uns brauchen Sie nur einen Werkstatttermin anzumelden und wir k\u00fcmmern uns um den Rest. Wir melden den Schaden bei Ihrer Autoversicherung an und rechnen auch direkt mit dieser ab<\/p>\n\n\n\n<h3 class=\"wp-block-heading\" id=\"cc-m-header-8035412764\">Wie wird eine Frontscheibe repariert oder ersetzt?<\/h3>\n\n\n\n<p>Die Frontscheibe hat die Aufgabe die Stabilit\u00e4t der Fahrgastzelle des Autos zu gew\u00e4hrleisten, aus diesem Grund muss diese zuverl\u00e4ssig befestigt werden. Die Frontscheibe ist mit einem starken Scheibenkleber an der Aufnahme der Karosserie befestigt. Bei einem Frontscheiben-Ersatz wird dieser Scheibenkleber mit einem Spezialwerkzeug durchtrennt.&nbsp;Die&nbsp;Aufnahmen an der Karosserie werden gr\u00fcndlich gereinigt und aktiviert. Anschliessend wird neuer Scheibenkleber aufgetragen und die neue Frontscheibe eingesetzt.&nbsp;<\/p>\n\n\n\n<p>Damit die neue Frontscheibe auch bei starkem Regen dicht ist, muss beim Ersatz sehr gr\u00fcndlich und exakt gearbeitet werden. Aus diesem Grund bitten wir Sie uns gen\u00fcgend Zeit f\u00fcr diese Arbeit zu geben.<\/p>\n","protected":false},"excerpt":{"rendered":"<p>Was muss ich bei einem Steinschlag oder Riss in der Frontscheibe tun? Meist verursachen kleinere Steinchen von der Strasse, welche vom vorausfahrenden Verkehrs hochgewirbelt werden eine Besch\u00e4digung an der Frontscheibe. Haben Sie einen Steinschlag oder Riss in der Frontscheibe Ihres Fahrzeugs, empfehlen wir Ihnen sich bei der Garage zu melden und den Schaden einem Fachmann [&hellip;]<\/p>\n","protected":false},"author":2,"featured_media":0,"parent":0,"menu_order":0,"comment_status":"closed","ping_status":"closed","template":"","meta":{"footnotes":""},"class_list":["post-280","page","type-page","status-publish","hentry"],"_links":{"self":[{"href":"https:\/\/auto-schifferle.ch\/index.php?rest_route=\/wp\/v2\/pages\/280","targetHints":{"allow":["GET"]}}],"collection":[{"href":"https:\/\/auto-schifferle.ch\/index.php?rest_route=\/wp\/v2\/pages"}],"about":[{"href":"https:\/\/auto-schifferle.ch\/index.php?rest_route=\/wp\/v2\/types\/page"}],"author":[{"embeddable":true,"href":"https:\/\/auto-schifferle.ch\/index.php?rest_route=\/wp\/v2\/users\/2"}],"replies":[{"embeddable":true,"href":"https:\/\/auto-schifferle.ch\/index.php?rest_route=%2Fwp%2Fv2%2Fcomments&post=280"}],"version-history":[{"count":4,"href":"https:\/\/auto-schifferle.ch\/index.php?rest_route=\/wp\/v2\/pages\/280\/revisions"}],"predecessor-version":[{"id":286,"href":"https:\/\/auto-schifferle.ch\/index.php?rest_route=\/wp\/v2\/pages\/280\/revisions\/286"}],"wp:attachment":[{"href":"https:\/\/auto-schifferle.ch\/index.php?rest_route=%2Fwp%2Fv2%2Fmedia&parent=280"}],"curies":[{"name":"wp","href":"https:\/\/api.w.org\/{rel}","templated":true}]}}